04 and 5368.
88
What is the greatest common factor of 35037 and 70669?
17
What is the greatest common factor of 54658676 and 172?
172
Calculate the greatest common factor of 40779030 and 2950.
590
What is the greatest common divisor of 107288 and 728?
8
Calculate the greatest common factor of 265000 and 4992500.
2500
Calculate the greatest common divisor of 11694822 and 2538.
282
Calculate the highest common factor of 23273 and 423317.
629
What is the greatest common factor of 16590332 and 4092?
1364
What is the highest common divisor of 13302 and 25290?
18
Calculate the greatest common factor of 1223529975 and 25.
25
What is the greatest common divisor of 205137 and 236601?
207
What is the highest common factor of 5721120 and 180?
180
Calculate the highest common factor of 11481659 and 6643.
511
Calculate the highest common factor of 73968 and 670000.
1072
Calculate the highest common divisor of 327590784 and 64.
64
What is the highest common factor of 10278 and 531?
9
What is the highest common divisor of 74 and 487893026?
74
Calculate the highest common divisor of 267072351 and 26.
13
What is the highest common factor of 16754484 and 108?
12
Calculate the highest common divisor of 210554235 and 224775.
14985
Calculate the highest common factor of 3576010 and 19476.
1082
Calculate the highest common factor of 150 and 7958310.
30
What is the greatest common factor of 3911388 and 2301?
39
Calculate the highest common divisor of 195108868 and 348.
116
What is the highest common factor of 15858 and 2658897?
9
Calculate the greatest common divisor of 303305942 and 204.
34
Calculate the greatest common factor of 18880 and 113385728.
3776
Calculate the highest common factor of 1633 and 48135728.
71
What is the highest common factor of 88777 and 12038?
13
What is the greatest common factor of 3655 and 5228112?
731
Calculate the greatest common divisor of 73509543 and 18.
9
Calculate the highest common divisor of 10860 and 3558.
6
Calculate the greatest common divisor of 11801174 and 6622.
154
What is the greatest common factor of 119239679 and 719?
719
What is the greatest common factor of 450615 and 32230?
55
What is the highest common factor of 1014120 and 574776?
648
What is the highest common factor of 13456 and 40519728?
464
Calculate the greatest common factor of 240 and 194587905.
15
What is the highest common divisor of 3732370 and 56726?
502
Calculate the highest common divisor of 116896680 and 38280.
3480
What is the greatest common divisor of 78538 and 1357188?
214
Calculate the greatest common factor of 96 and 11667624.
24
What is the highest common divisor of 419 and 34021543?
419
Calculate the greatest common factor of 192 and 633086.
2
Calculate the highest common divisor of 3015 and 18883615.
335
What is the greatest common factor of 456050034 and 54?
54
Calculate the highest common divisor of 52338 and 719251.
793
Calculate the highest common divisor of 108882 and 8701092.
4734
What is the highest common factor of 2665 and 19424665?
65
What is the highest common factor of 228904 and 387004?
124
Calculate the highest common factor of 518 and 133035868.
518
Calculate the greatest common divisor of 792 and 141852744.
792
Calculate the highest common factor of 12480 and 347328.
192
Calculate the highest common divisor of 1888648 and 80088.
376
What is the highest common factor of 724790 and 1165?
5
What is the highest common factor of 3157 and 5150871?
451
Calculate the greatest common factor of 35512014 and 2567.
17
Calculate the highest common divisor of 27895819 and 513.
19
What is the highest common divisor of 56928294 and 18?
18
Calculate the greatest common divisor of 9265304 and 1379.
197
Calculate the greatest common divisor of 7242268 and 24244.
836
Calculate the greatest common factor of 56637565 and 185.
185
What is the highest common factor of 16709 and 67718?
49
Calculate the highest common factor of 3519 and 18776993.
391
Calculate the greatest common divisor of 30 and 26223072.
6
What is the highest common factor of 224074 and 4980298?
1126
What is the highest common factor of 12478412 and 764?
764
What is the greatest common factor of 14862 and 1369109733?
7431
What is the highest common factor of 144 and 10437408?
144
Calculate the greatest common factor of 419357185 and 26.
13
What is the highest common factor of 84915 and 196452?
459
Calculate the greatest common factor of 110 and 35632630.
110
Calculate the greatest common divisor of 44481391 and 853.
853
What is the greatest common factor of 2761 and 14113?
11
Calculate the highest common divisor of 8347440 and 240.
240
What is the greatest common factor of 5443880 and 469220?
580
What is the highest common divisor of 1738 and 10397134?
22
What is the greatest common factor of 1228 and 367090031?
307
Calculate the highest common factor of 63 and 5504233.
7
What is the highest common divisor of 214046574 and 546?
42
What is the highest common divisor of 63623 and 704123?
427
What is the greatest common divisor of 3588 and 10280218?
598
Calculate the highest common divisor of 1977525 and 14410.
55
What is the highest common factor of 356895 and 109305?
315
What is the highest common factor of 187794 and 774?
18
What is the highest common divisor of 177007265 and 7185?
2395
What is the greatest common factor of 10 and 881882?
2
Calculate the highest common factor of 70112 and 192182.
626
Calculate the greatest common divisor of 15 and 404992995.
15
Calculate the highest common divisor of 167637 and 5763.
51
What is the greatest common factor of 104530 and 130?
10
What is the greatest common factor of 248 and 3193680?
8
Calculate the greatest common factor of 116565 and 1619085.
285
What is the highest common divisor of 1652 and 7489342?
826
What is the greatest common divisor of 201379 and 3112287?
727
What is the highest common factor of 6548608 and 26752?
1408
What is the greatest common divisor of 3170632 and 162648?
2008
Calculate the highest common divisor of 25843860 and 860.
860
Calculate the highest common divisor of 2183 and 3875474.
59
What is the greatest common factor of 8395466 and 284?
142
What is the highest common divisor of 1197471 and 68973?
831
What is the greatest common divisor of 2726063 and 323?
19
Calculate the highest common factor of 1071476 and 256564.
476
Calculate the highest common factor of 88 and 13788379.
11
Calculate the greatest common factor of 49717377 and 4923.
4923
What is the greatest common divisor of 5116618 and 7470?
166
Calculate the greatest common factor of 3416 and 470232.
56
Calculate the greatest common factor of 62860 and 143920.
140
Calculate the highest common divisor of 3528929 and 19123.
1471
What is the greatest common factor of 92694 and 38262?
42
Calculate the highest common factor of 153 and 1891114.
17
What is the highest common factor of 88 and 7529656?
8
What is the greatest common divisor of 433091033 and 122?
61
What is the highest common factor of 129495 and 27?
3
Calculate the highest common divisor of 83996475 and 20.
5
Calculate the greatest common factor of 139774 and 36176.
34
Calculate the highest common divisor of 10621 and 29146.
247
What is the highest common factor of 10 and 8918170?
10
What is the highest common factor of 423675 and 2895?
15
What is the highest common divisor of 341520 and 13920?
240
What is the highest common factor of 97722497 and 7201?
379
Calculate the highest common factor of 597081 and 435.
87
What is the highest common factor of 1386 and 21059874?
198
What is the greatest common factor of 357 and 746249?
119
Calculate the highest common divisor of 1528393163 and 2453.
2453
What is the highest common divisor of 264 and 35089472?
88
What is the highest common factor of 144693 and 9775?
23
Calculate the highest common divisor of 1666287 and 917.
7
Calculate the greatest common divisor of 186975 and 956204.
277
What is the highest common divisor of 4377585 and 255?
255
Calculate the highest common factor of 3280 and 512700.
20
Calculate the greatest common divisor of 10 and 4681090.
10
Calculate the greatest common factor of 198 and 58017234.
66
What is the highest common factor of 15410244 and 6?
6
Calculate the greatest common factor of 773206 and 2268.
14
Calculate th